{"id":2696,"date":"2021-01-13T15:38:54","date_gmt":"2021-01-13T15:38:54","guid":{"rendered":"https:\/\/linoorwp.pixydrops.com\/?page_id=3"},"modified":"2025-06-26T03:55:31","modified_gmt":"2025-06-26T01:55:31","slug":"privacy-policy","status":"publish","type":"page","link":"https:\/\/rdm.pulsesenegaldev.com\/?page_id=2696","title":{"rendered":"Politique de confidentialit\u00e9"},"content":{"rendered":"\t\t<div data-elementor-type=\"wp-page\" data-elementor-id=\"2696\" class=\"elementor elementor-2696\">\n\t\t\t\t<div class=\"elementor-element elementor-element-144a9f14 e-flex e-con-boxed e-con e-parent\" data-id=\"144a9f14\" data-element_type=\"container\">\n\t\t\t\t\t<div class=\"e-con-inner\">\n\t\t\t\t<div class=\"elementor-element elementor-element-6e02e981 elementor-widget elementor-widget-text-editor\" data-id=\"6e02e981\" data-element_type=\"widget\" data-widget_type=\"text-editor.default\">\n\t\t\t\t<div class=\"elementor-widget-container\">\n\t\t\t\t\t\t\t\t\t\n<section>\n<h2 class=\"wp-block-heading\">\u00a0<\/h2>\n<\/section>\n<section>\n<p>Cette politique de confidentialit\u00e9 concerne tous les services de \u00abPulse Africa\u00bb (\u00e0 partir d\u2019ici Pulse) : nous sommes un nouvel \u00e9diteur de m\u00e9dias et une plateforme pour les contributeurs en Afrique qui atteint un grand nombre de personnes, nous sommes donc particuli\u00e8rement conscients de ce sujet. Restez avec nous sur ce long texte &#8211; il est \u00e0 votre avantage et s&rsquo;applique aux diff\u00e9rents pays d&rsquo;op\u00e9ration. Faites-nous savoir si vous avez des questions!<\/p>\n<\/section>\n<section>\n<p>Pulse et ses marques de licence partenaires savent que vous vous souciez de la fa\u00e7on dont vos informations personnelles sont utilis\u00e9es et partag\u00e9es, et nous prenons votre confidentialit\u00e9 tr\u00e8s au s\u00e9rieux. Veuillez lire ce qui suit pour en savoir plus sur notre politique de confidentialit\u00e9. En visitant notre site Web, vous acceptez les pratiques d\u00e9crites dans la pr\u00e9sente politique de confidentialit\u00e9. Il couvre \u00e9galement notre newsletter et d&rsquo;autres points de contact avec notre plateforme &#8211; \u00e0 moins qu&rsquo;ils ne soient couverts directement par les politiques de confidentialit\u00e9 des fournisseurs tiers.<\/p>\n<\/section>\n<section>\n<p>Cette politique de confidentialit\u00e9 couvre le traitement par Pulse des informations personnelles que Pulse recueille lorsque vous \u00eates sur le site Web Pulse et lorsque vous utilisez des services Pulse. Cette politique ne s&rsquo;applique pas aux pratiques de tiers que Pulse ne poss\u00e8de pas ou ne contr\u00f4le pas, ni aux personnes que Pulse n&#8217;emploie ni ne g\u00e8re.<\/p>\n<\/section>\n<section>\n<h3>Information Collect\u00e9e par Pulse<\/h3>\n<\/section>\n<section>\n<p>Nous collectons uniquement des informations personnelles pertinentes pour l&rsquo;objectif de notre site Web. Ces informations nous permettent de vous offrir une exp\u00e9rience personnalis\u00e9e et efficace. Nous ne traitons pas ces informations d&rsquo;une mani\u00e8re incompatible avec cet objectif. Nous collectons les types d&rsquo;informations suivants aupr\u00e8s de nos utilisateurs Pulse:<\/p>\n<\/section>\n<section>\n<h3>1. Informations que vous nous fournissez:<\/h3>\n<\/section>\n<section>\n<p>Nous recevons et stockons toutes les informations que vous saisissez sur notre site Web ou que vous nous fournissez de toute autre mani\u00e8re. Vous pouvez choisir de ne pas nous fournir certaines informations, mais vous ne pourrez peut-\u00eatre pas b\u00e9n\u00e9ficier de fonctionnalit\u00e9s sp\u00e9ciales.<\/p>\n<\/section>\n<section>\n<h3>2. Informations automatiques:<\/h3>\n<\/section>\n<section>\n<p>Nous recevons et stockons certains types d&rsquo;informations lorsque vous interagissez avec nous. Pulse et ses agents autoris\u00e9s re\u00e7oivent et enregistrent automatiquement certaines donn\u00e9es de trafic sur les journaux de leur serveur \u00e0 partir de votre navigateur, y compris votre adresse IP, les informations de cookie Pulse et la page que vous avez demand\u00e9e. Pulse utilise ces donn\u00e9es de trafic pour aider \u00e0 diagnostiquer les probl\u00e8mes avec ses serveurs, analyser les tendances et administrer le site Web.<\/p>\n<\/section>\n<section>\n<p>Pulse peut collecter et, sur n&rsquo;importe quelle page, afficher le nombre total de pages consult\u00e9es.<\/p>\n<\/section>\n<section>\n<p>De nombreuses entreprises proposent des programmes qui vous aident \u00e0 visiter des sites Web de mani\u00e8re anonyme. Bien que Pulse ne puisse pas vous offrir une exp\u00e9rience personnalis\u00e9e si nous ne pouvons pas vous reconna\u00eetre, nous voulons que vous sachiez que ces programmes sont disponibles.<\/p>\n<\/section>\n<section>\n<h3>Communications par e-mail<\/h3>\n<\/section>\n<section>\n<p>Pulse est tr\u00e8s pr\u00e9occup\u00e9 par votre confidentialit\u00e9 et nous ne fournirons jamais votre adresse e-mail \u00e0 un tiers sans votre autorisation explicite, comme d\u00e9taill\u00e9 dans la section Partager vos informations ci-dessous. Pulse peut envoyer des e-mails contenant des actualit\u00e9s, produits, offres, sondages ou promotions li\u00e9s \u00e0 Pulse.<\/p>\n<\/section>\n<section>\n<h3>Cookies<\/h3>\n<\/section>\n<section>\n<p>Les cookies sont des identifiants alphanum\u00e9riques que nous transf\u00e9rons sur le disque dur de votre ordinateur via votre navigateur Web pour permettre \u00e0 nos syst\u00e8mes de reconna\u00eetre votre navigateur et de nous dire comment et quand les pages de notre site Web sont visit\u00e9es et par combien de personnes. Les cookies Pulse ne collectent pas d&rsquo;informations personnelles et nous ne combinons pas les informations collect\u00e9es via les cookies avec d&rsquo;autres informations personnelles pour nous dire qui vous \u00eates ou quel est votre pseudonyme ou votre adresse e-mail.<\/p>\n<\/section>\n<section>\n<p>La partie Aide de la barre d&rsquo;outils de la majorit\u00e9 des navigateurs vous indiquera comment emp\u00eacher votre navigateur d&rsquo;accepter de nouveaux cookies, comment commander au navigateur de vous avertir lorsque vous recevez un nouveau cookie ou comment d\u00e9sactiver compl\u00e8tement les cookies. Nous vous recommandons de laisser les cookies activ\u00e9s car les cookies vous permettent d&rsquo;utiliser certaines de nos fonctionnalit\u00e9s les plus int\u00e9ressantes.<\/p>\n<\/section>\n<section>\n<p>Les partenaires publicitaires de Pulse peuvent placer un cookie sur votre navigateur qui permet de collecter des informations anonymes non personnellement identifiables que les syst\u00e8mes de diffusion d&rsquo;annonces utilisent pour pr\u00e9senter des annonces plus pertinentes.<\/p>\n<\/section>\n<section>\n<h3>Partager vos informations<\/h3>\n<\/section>\n<section>\n<p>Soyez assur\u00e9 que nous ne louons ni ne vendons vos informations personnelles et que nous ne partagerons vos informations personnelles que de la mani\u00e8re d\u00e9crite ci-dessous.<\/p>\n<\/section>\n<section>\n<p>Personnel de Pulse: le personnel de Pulse et les consultants et \/ ou sous-traitants autoris\u00e9s peuvent avoir acc\u00e8s aux informations des utilisateurs si n\u00e9cessaire dans le cours normal des activit\u00e9s de Pulse.<\/p>\n<\/section>\n<section>\n<p>Transferts d&rsquo;entreprises: dans certains cas, nous pouvons choisir d&rsquo;acheter ou de vendre des actifs. Dans ces types de transactions, les informations utilisateur constituent g\u00e9n\u00e9ralement l&rsquo;un des actifs commerciaux transf\u00e9r\u00e9s. De plus, si Pulse, ou la quasi-totalit\u00e9 de ses actifs, \u00e9tait acquise, les informations sur les utilisateurs seraient l&rsquo;un des actifs transf\u00e9r\u00e9s.<\/p>\n<\/section>\n<section>\n<p>Protection de Pulse et autres: Nous pouvons divulguer des informations personnelles lorsque nous croyons de bonne foi que la divulgation est n\u00e9cessaire pour se conformer \u00e0 une loi; pour appliquer ou appliquer nos conditions d&rsquo;utilisation et d&rsquo;autres politiques; ou pour prot\u00e9ger les droits, la propri\u00e9t\u00e9 ou la s\u00e9curit\u00e9 de Pulse, de nos employ\u00e9s, de nos utilisateurs ou autres. Cela comprend l&rsquo;\u00e9change d&rsquo;informations avec d&rsquo;autres soci\u00e9t\u00e9s et organisations pour la protection contre la fraude et la r\u00e9duction du risque de cr\u00e9dit.<\/p>\n<\/section>\n<section>\n<p><strong>Syndication: Pulse permet la syndication RSS de tout son contenu public sur le site Web Pulse.<\/strong><\/p>\n<\/section>\n<section>\n<p>Avec votre consentement: Sauf indication contraire ci-dessus, nous vous contacterons lorsque vos informations personnelles sont partag\u00e9es avec des tiers ou utilis\u00e9es \u00e0 des fins incompatibles avec les fins pour lesquelles elles ont \u00e9t\u00e9 initialement collect\u00e9es, et vous pourrez vous d\u00e9sabonner emp\u00eacher le partage de ces informations.<\/p>\n<\/section>\n<section>\n<h3>Modifications de cette politique de confidentialit\u00e9<\/h3>\n<\/section>\n<section>\n<p>Pulse peut modifier cette politique de confidentialit\u00e9 de temps \u00e0 autre, \u00e0 sa seule discr\u00e9tion. L&rsquo;utilisation des informations que nous collectons maintenant est soumise \u00e0 la politique de confidentialit\u00e9 en vigueur au moment o\u00f9 ces informations sont utilis\u00e9es. Si nous apportons des modifications \u00e0 la politique de confidentialit\u00e9, nous vous en informerons en publiant une annonce sur le site Web Pulse afin que vous soyez toujours au courant des informations que nous recueillons, de la fa\u00e7on dont nous les utilisons et dans quelles circonstances, le cas \u00e9ch\u00e9ant, elles sont divulgu\u00e9es.<\/p>\n<\/section>\n<section>\n<h3>Conditions d&rsquo;utilisation<\/h3>\n<\/section>\n<section>\n<p>Si vous d\u00e9cidez de visiter le site Web de Pulse, votre visite et tout litige \u00e9ventuel concernant la confidentialit\u00e9 sont soumis \u00e0 cette politique de confidentialit\u00e9 et \u00e0 nos conditions d&rsquo;utilisation.<\/p>\n<\/section>\n\t\t\t\t\t\t\t\t<\/div>\n\t\t\t\t<\/div>\n\t\t\t\t\t<\/div>\n\t\t\t\t<\/div>\n\t\t\t\t<\/div>\n\t\t","protected":false},"excerpt":{"rendered":"<p>\u00a0 Cette politique de confidentialit\u00e9 concerne tous les services de \u00abPulse Africa\u00bb (\u00e0 partir d\u2019ici Pulse) : nous sommes un nouvel \u00e9diteur de m\u00e9dias et une plateforme pour les contributeurs en Afrique qui atteint un grand nombre de personnes, nous sommes donc particuli\u00e8rement conscients de ce sujet. Restez avec nous sur ce long texte &#8211; [&hellip;]<\/p>\n","protected":false},"author":1,"featured_media":0,"parent":0,"menu_order":0,"comment_status":"closed","ping_status":"open","template":"elementor_header_footer","meta":{"_monsterinsights_skip_tracking":false,"_monsterinsights_sitenote_active":false,"_monsterinsights_sitenote_note":"","_monsterinsights_sitenote_category":0,"footnotes":""},"class_list":["post-2696","page","type-page","status-publish","hentry"],"aioseo_notices":[],"_links":{"self":[{"href":"https:\/\/rdm.pulsesenegaldev.com\/index.php?rest_route=\/wp\/v2\/pages\/2696","targetHints":{"allow":["GET"]}}],"collection":[{"href":"https:\/\/rdm.pulsesenegaldev.com\/index.php?rest_route=\/wp\/v2\/pages"}],"about":[{"href":"https:\/\/rdm.pulsesenegaldev.com\/index.php?rest_route=\/wp\/v2\/types\/page"}],"author":[{"embeddable":true,"href":"https:\/\/rdm.pulsesenegaldev.com\/index.php?rest_route=\/wp\/v2\/users\/1"}],"replies":[{"embeddable":true,"href":"https:\/\/rdm.pulsesenegaldev.com\/index.php?rest_route=%2Fwp%2Fv2%2Fcomments&post=2696"}],"version-history":[{"count":5,"href":"https:\/\/rdm.pulsesenegaldev.com\/index.php?rest_route=\/wp\/v2\/pages\/2696\/revisions"}],"predecessor-version":[{"id":4500,"href":"https:\/\/rdm.pulsesenegaldev.com\/index.php?rest_route=\/wp\/v2\/pages\/2696\/revisions\/4500"}],"wp:attachment":[{"href":"https:\/\/rdm.pulsesenegaldev.com\/index.php?rest_route=%2Fwp%2Fv2%2Fmedia&parent=2696"}],"curies":[{"name":"wp","href":"https:\/\/api.w.org\/{rel}","templated":true}]}}